{"id":1891,"date":"2023-06-30T16:31:22","date_gmt":"2023-06-30T16:31:22","guid":{"rendered":"https:\/\/inmocredex.com\/?post_type=product&#038;p=1891"},"modified":"2025-07-05T15:38:30","modified_gmt":"2025-07-05T15:38:30","slug":"casa-de-campo-en-santa-eulalia-parque-jerusalen","status":"publish","type":"product","link":"https:\/\/inmocredex.com\/?product=casa-de-campo-en-santa-eulalia-parque-jerusalen","title":{"rendered":"CASA DE CAMPO EN SANTA EULALIA (Parque Jerusal\u00e9n)"},"content":{"rendered":"<div class=\"uk-grid-large\" uk-grid=\"\">\n<div class=\"uk-flex-middle uk-width-1-3@m\">\n<h2 class=\"uk-h5 uk-margin-small\">Sector Parque Jerusal\u00e9n<\/h2>\n<p>Junto a lugares tur\u00edsticos como el Parque Jerusal\u00e9n y <em>AQUA<\/em>\u00a0RIVER\u00a0<em>PARK<\/em> , a 10 minutos de Guayllabamba, servicios de agua potable y luz el\u00e9ctrica.<\/p>\n<p>Casas\u00a0 dise\u00f1adas para todo tipo de familias. Obt\u00e9n m\u00e1s informaci\u00f3n Aqu\u00ed. Lotes y casas en zonas urbanas equipadas con \u00e1reas comunales y amplios espacios verdes. Cotiza Ahora con nosotros.<\/p>\n<\/div>\n<\/div>\n<p>&nbsp;<\/p>\n<p>&nbsp;<\/p>\n<p><img loading=\"lazy\" decoding=\"async\" class=\"alignright size-medium wp-image-1896\" src=\"https:\/\/inmocredex.com\/wp-content\/uploads\/2023\/06\/5-4-300x225.png\" alt=\"\" width=\"300\" height=\"225\" srcset=\"https:\/\/inmocredex.com\/wp-content\/uploads\/2023\/06\/5-4-300x225.png 300w, https:\/\/inmocredex.com\/wp-content\/uploads\/2023\/06\/5-4-1024x768.png 1024w, https:\/\/inmocredex.com\/wp-content\/uploads\/2023\/06\/5-4-768x576.png 768w, https:\/\/inmocredex.com\/wp-content\/uploads\/2023\/06\/5-4-600x450.png 600w, https:\/\/inmocredex.com\/wp-content\/uploads\/2023\/06\/5-4.png 1220w\" sizes=\"auto, (max-width: 300px) 100vw, 300px\" \/><\/p>\n<p><img loading=\"lazy\" decoding=\"async\" class=\"alignright size-medium wp-image-1895\" src=\"https:\/\/inmocredex.com\/wp-content\/uploads\/2023\/06\/4-7-300x225.png\" alt=\"\" width=\"300\" height=\"225\" srcset=\"https:\/\/inmocredex.com\/wp-content\/uploads\/2023\/06\/4-7-300x225.png 300w, https:\/\/inmocredex.com\/wp-content\/uploads\/2023\/06\/4-7-1024x768.png 1024w, https:\/\/inmocredex.com\/wp-content\/uploads\/2023\/06\/4-7-768x576.png 768w, https:\/\/inmocredex.com\/wp-content\/uploads\/2023\/06\/4-7-600x450.png 600w, https:\/\/inmocredex.com\/wp-content\/uploads\/2023\/06\/4-7.png 1220w\" sizes=\"auto, (max-width: 300px) 100vw, 300px\" \/><\/p>\n<div class=\"uk-grid-large\" uk-grid=\"\">\n<p>&nbsp;<\/p>\n<\/div>\n","protected":false},"excerpt":{"rendered":"<p><strong>Sector Parque Jerusal\u00e9n a 10 minutos de Guayllabamba<\/strong><\/p>\n<p><span style=\"font-weight: 400;\">Con Servicios de agua potable y luz el\u00e9ctrica.<br \/>\n<\/span><span style=\"font-weight: 400;\">Escrituras al d\u00eda<br \/>\n<\/span><span style=\"font-weight: 400;\">Cerca de grande lugares tur\u00edsticos\u00a0<\/span><\/p>\n<p>&nbsp;<\/p>\n<p>&nbsp;<\/p>\n","protected":false},"author":2,"featured_media":1892,"comment_status":"open","ping_status":"closed","template":"","meta":{"_acf_changed":false},"product_brand":[],"product_cat":[17],"product_tag":[27,28,29,30],"class_list":{"0":"post-1891","1":"product","2":"type-product","3":"status-publish","4":"has-post-thumbnail","6":"product_cat-casa-compra-quito","7":"product_tag-quiito-terrenos","8":"product_tag-quito-lotes","9":"product_tag-compra-casa","10":"product_tag-ecuador","12":"first","13":"instock","14":"taxable","15":"shipping-taxable","16":"purchasable","17":"product-type-simple"},"acf":[],"_links":{"self":[{"href":"https:\/\/inmocredex.com\/index.php?rest_route=\/wp\/v2\/products\/1891","targetHints":{"allow":["GET"]}}],"collection":[{"href":"https:\/\/inmocredex.com\/index.php?rest_route=\/wp\/v2\/products"}],"about":[{"href":"https:\/\/inmocredex.com\/index.php?rest_route=\/wp\/v2\/types\/product"}],"author":[{"embeddable":true,"href":"https:\/\/inmocredex.com\/index.php?rest_route=\/wp\/v2\/users\/2"}],"replies":[{"embeddable":true,"href":"https:\/\/inmocredex.com\/index.php?rest_route=%2Fwp%2Fv2%2Fcomments&post=1891"}],"wp:featuredmedia":[{"embeddable":true,"href":"https:\/\/inmocredex.com\/index.php?rest_route=\/wp\/v2\/media\/1892"}],"wp:attachment":[{"href":"https:\/\/inmocredex.com\/index.php?rest_route=%2Fwp%2Fv2%2Fmedia&parent=1891"}],"wp:term":[{"taxonomy":"product_brand","embeddable":true,"href":"https:\/\/inmocredex.com\/index.php?rest_route=%2Fwp%2Fv2%2Fproduct_brand&post=1891"},{"taxonomy":"product_cat","embeddable":true,"href":"https:\/\/inmocredex.com\/index.php?rest_route=%2Fwp%2Fv2%2Fproduct_cat&post=1891"},{"taxonomy":"product_tag","embeddable":true,"href":"https:\/\/inmocredex.com\/index.php?rest_route=%2Fwp%2Fv2%2Fproduct_tag&post=1891"}],"curies":[{"name":"wp","href":"https:\/\/api.w.org\/{rel}","templated":true}]}}