{"id":1603,"date":"2023-05-21T04:14:11","date_gmt":"2023-05-21T04:14:11","guid":{"rendered":"https:\/\/inmocredex.com\/?post_type=product&#038;p=1603"},"modified":"2023-05-21T04:41:46","modified_gmt":"2023-05-21T04:41:46","slug":"plano-topografico-2","status":"publish","type":"product","link":"https:\/\/inmocredex.com\/?product=plano-topografico-2","title":{"rendered":"Plano Sanitario"},"content":{"rendered":"<p><span style=\"font-weight: 400;\">Un plano hidrosanitario es el\u00a0dise\u00f1o en base a las necesidades de un proyecto de construcci\u00f3n que detalla el <\/span><span style=\"font-weight: 400;\">conjunto de tuber\u00edas y conexiones de diferentes di\u00e1metros y diferentes materiales, para alimentar y distribuir agua dentro de una construcci\u00f3n y drenar desperdicios de la misma<\/span><span style=\"font-weight: 400;\">.<\/span><\/p>\n","protected":false},"excerpt":{"rendered":"<p>Un plano hidrosanitario es el\u00a0dise\u00f1o en base a las necesidades de un proyecto de construcci\u00f3n que detalla el conjunto de tuber\u00edas y conexiones de diferentes di\u00e1metros y diferentes materiales, para alimentar y distribuir agua dentro de una construcci\u00f3n y drenar desperdicios de la misma.<\/p>\n","protected":false},"author":1,"featured_media":1605,"comment_status":"open","ping_status":"closed","template":"","meta":{"_acf_changed":false},"product_brand":[],"product_cat":[18],"product_tag":[],"class_list":{"0":"post-1603","1":"product","2":"type-product","3":"status-publish","4":"has-post-thumbnail","6":"product_cat-planos-construccion","8":"first","9":"instock","10":"taxable","11":"shipping-taxable","12":"purchasable","13":"product-type-simple"},"acf":[],"_links":{"self":[{"href":"https:\/\/inmocredex.com\/index.php?rest_route=\/wp\/v2\/products\/1603","targetHints":{"allow":["GET"]}}],"collection":[{"href":"https:\/\/inmocredex.com\/index.php?rest_route=\/wp\/v2\/products"}],"about":[{"href":"https:\/\/inmocredex.com\/index.php?rest_route=\/wp\/v2\/types\/product"}],"author":[{"embeddable":true,"href":"https:\/\/inmocredex.com\/index.php?rest_route=\/wp\/v2\/users\/1"}],"replies":[{"embeddable":true,"href":"https:\/\/inmocredex.com\/index.php?rest_route=%2Fwp%2Fv2%2Fcomments&post=1603"}],"wp:featuredmedia":[{"embeddable":true,"href":"https:\/\/inmocredex.com\/index.php?rest_route=\/wp\/v2\/media\/1605"}],"wp:attachment":[{"href":"https:\/\/inmocredex.com\/index.php?rest_route=%2Fwp%2Fv2%2Fmedia&parent=1603"}],"wp:term":[{"taxonomy":"product_brand","embeddable":true,"href":"https:\/\/inmocredex.com\/index.php?rest_route=%2Fwp%2Fv2%2Fproduct_brand&post=1603"},{"taxonomy":"product_cat","embeddable":true,"href":"https:\/\/inmocredex.com\/index.php?rest_route=%2Fwp%2Fv2%2Fproduct_cat&post=1603"},{"taxonomy":"product_tag","embeddable":true,"href":"https:\/\/inmocredex.com\/index.php?rest_route=%2Fwp%2Fv2%2Fproduct_tag&post=1603"}],"curies":[{"name":"wp","href":"https:\/\/api.w.org\/{rel}","templated":true}]}}