{"id":1596,"date":"2023-05-21T03:29:28","date_gmt":"2023-05-21T03:29:28","guid":{"rendered":"https:\/\/inmocredex.com\/?post_type=product&#038;p=1596"},"modified":"2023-06-21T21:17:39","modified_gmt":"2023-06-21T21:17:39","slug":"icredex-garden","status":"publish","type":"product","link":"https:\/\/inmocredex.com\/?product=icredex-garden","title":{"rendered":"PROYECTO ICREDEX GARDEN"},"content":{"rendered":"<div class=\"uk-grid-large\" uk-grid=\"\">\n<div class=\"uk-flex-middle uk-width-1-3@m\">\n<h2 class=\"uk-h5 uk-margin-small\">\u00a0Icredex Garden Lotes de 500m2<\/h2>\n<p>Lotes con amplios frentes dise\u00f1ados para todo tipo de familias. Obt\u00e9n m\u00e1s informaci\u00f3n Aqu\u00ed. Lotes en zonas urbanas equipadas con \u00e1reas comunales y amplios espacios verdes. Cotiza Ahora con nosotros.<\/p>\n<\/div>\n<\/div>\n<p>&nbsp;<\/p>\n<p>&nbsp;<\/p>\n<div><img loading=\"lazy\" decoding=\"async\" class=\"alignright size-medium wp-image-1854\" src=\"https:\/\/inmocredex.com\/wp-content\/uploads\/2023\/05\/1-300x225.png\" alt=\"\" width=\"300\" height=\"225\" srcset=\"https:\/\/inmocredex.com\/wp-content\/uploads\/2023\/05\/1-300x225.png 300w, https:\/\/inmocredex.com\/wp-content\/uploads\/2023\/05\/1-1024x768.png 1024w, https:\/\/inmocredex.com\/wp-content\/uploads\/2023\/05\/1-768x576.png 768w, https:\/\/inmocredex.com\/wp-content\/uploads\/2023\/05\/1-600x450.png 600w, https:\/\/inmocredex.com\/wp-content\/uploads\/2023\/05\/1.png 1220w\" sizes=\"auto, (max-width: 300px) 100vw, 300px\" \/><\/div>\n<div><img loading=\"lazy\" decoding=\"async\" class=\"alignright size-medium wp-image-1856\" src=\"https:\/\/inmocredex.com\/wp-content\/uploads\/2023\/05\/3-300x225.png\" alt=\"\" width=\"300\" height=\"225\" srcset=\"https:\/\/inmocredex.com\/wp-content\/uploads\/2023\/05\/3-300x225.png 300w, https:\/\/inmocredex.com\/wp-content\/uploads\/2023\/05\/3-1024x768.png 1024w, https:\/\/inmocredex.com\/wp-content\/uploads\/2023\/05\/3-768x576.png 768w, https:\/\/inmocredex.com\/wp-content\/uploads\/2023\/05\/3-600x450.png 600w, https:\/\/inmocredex.com\/wp-content\/uploads\/2023\/05\/3.png 1220w\" sizes=\"auto, (max-width: 300px) 100vw, 300px\" \/><\/div>\n","protected":false},"excerpt":{"rendered":"<p><strong>Sector Valle de Oyacoto\u00a0<\/strong><\/p>\n<p>Lotes de 500m2<\/p>\n<p><span style=\"font-weight: 400;\">Clima C\u00e1lido<\/span><\/p>\n<p><span style=\"font-weight: 400;\">Frente al Aeropuerto <\/span><\/p>\n<p><span style=\"font-weight: 400;\">Hermosa Vista<\/span><\/p>\n<p><span style=\"font-weight: 400;\">\u00a0<\/span><\/p>\n","protected":false},"author":1,"featured_media":1855,"comment_status":"closed","ping_status":"closed","template":"","meta":{"_acf_changed":false},"product_brand":[],"product_cat":[31],"product_tag":[27,28,29,30],"class_list":{"0":"post-1596","1":"product","2":"type-product","3":"status-publish","4":"has-post-thumbnail","6":"product_cat-construccion-proyectos","7":"product_tag-quiito-terrenos","8":"product_tag-quito-lotes","9":"product_tag-compra-casa","10":"product_tag-ecuador","12":"first","13":"instock","14":"featured","15":"purchasable","16":"product-type-simple"},"acf":[],"_links":{"self":[{"href":"https:\/\/inmocredex.com\/index.php?rest_route=\/wp\/v2\/products\/1596","targetHints":{"allow":["GET"]}}],"collection":[{"href":"https:\/\/inmocredex.com\/index.php?rest_route=\/wp\/v2\/products"}],"about":[{"href":"https:\/\/inmocredex.com\/index.php?rest_route=\/wp\/v2\/types\/product"}],"author":[{"embeddable":true,"href":"https:\/\/inmocredex.com\/index.php?rest_route=\/wp\/v2\/users\/1"}],"replies":[{"embeddable":true,"href":"https:\/\/inmocredex.com\/index.php?rest_route=%2Fwp%2Fv2%2Fcomments&post=1596"}],"wp:featuredmedia":[{"embeddable":true,"href":"https:\/\/inmocredex.com\/index.php?rest_route=\/wp\/v2\/media\/1855"}],"wp:attachment":[{"href":"https:\/\/inmocredex.com\/index.php?rest_route=%2Fwp%2Fv2%2Fmedia&parent=1596"}],"wp:term":[{"taxonomy":"product_brand","embeddable":true,"href":"https:\/\/inmocredex.com\/index.php?rest_route=%2Fwp%2Fv2%2Fproduct_brand&post=1596"},{"taxonomy":"product_cat","embeddable":true,"href":"https:\/\/inmocredex.com\/index.php?rest_route=%2Fwp%2Fv2%2Fproduct_cat&post=1596"},{"taxonomy":"product_tag","embeddable":true,"href":"https:\/\/inmocredex.com\/index.php?rest_route=%2Fwp%2Fv2%2Fproduct_tag&post=1596"}],"curies":[{"name":"wp","href":"https:\/\/api.w.org\/{rel}","templated":true}]}}