{"id":1573,"date":"2023-05-19T13:31:07","date_gmt":"2023-05-19T13:31:07","guid":{"rendered":"https:\/\/inmocredex.com\/?post_type=product&#038;p=1573"},"modified":"2023-06-22T23:58:33","modified_gmt":"2023-06-22T23:58:33","slug":"oyacoto-copia","status":"publish","type":"product","link":"https:\/\/inmocredex.com\/?product=oyacoto-copia","title":{"rendered":"Proyecto ICredex Hacienda"},"content":{"rendered":"<div class=\"uk-grid-large\" uk-grid=\"\">\n<div class=\"uk-flex-middle uk-width-1-3@m\">\n<h2 class=\"uk-h5 uk-margin-small\">Proyecto Icredex Hacienda<\/h2>\n<p>Lotes con amplios frentes dise\u00f1ados para todo tipo de familias. Obt\u00e9n m\u00e1s informaci\u00f3n Aqu\u00ed. Lotes en zonas urbanas equipadas con \u00e1reas comunales y amplios espacios verdes. Cotiza Ahora con nosotros.<\/p>\n<\/div>\n<div class=\"uk-width-2-3@m\">\n<div>\n<div class=\"uk-child-width-1-2@s uk-grid-small\" uk-grid=\"\">\n<div><img loading=\"lazy\" decoding=\"async\" src=\"wp-content\/uploads\/2023\/05\/proyecto-1-mini.jpg\" alt=\"\" width=\"610\" height=\"455\" \/><\/div>\n<div><img loading=\"lazy\" decoding=\"async\" src=\"wp-content\/uploads\/2023\/05\/proyecto-2-mini.jpg\" alt=\"\" width=\"610\" height=\"455\" \/><\/div>\n<\/div>\n<\/div>\n<\/div>\n<\/div>\n","protected":false},"excerpt":{"rendered":"<p><span style=\"font-weight: 400;\"><strong>Hacienda<\/strong><\/span><\/p>\n<p><span style=\"font-weight: 400;\">Construido Bordillos<br \/>\n<\/span><span style=\"font-weight: 400;\">Escrituras<br \/>\n<\/span><span style=\"font-weight: 400;\">Calles Lastradas<br \/>\n<\/span><span style=\"font-weight: 400;\">Excelente clima <\/span><\/p>\n<p><span style=\"font-weight: 400;\">\u00a0<\/span><\/p>\n","protected":false},"author":1,"featured_media":1592,"comment_status":"closed","ping_status":"closed","template":"","meta":{"_acf_changed":false},"product_brand":[],"product_cat":[31],"product_tag":[27,28,29,30],"class_list":{"0":"post-1573","1":"product","2":"type-product","3":"status-publish","4":"has-post-thumbnail","6":"product_cat-construccion-proyectos","7":"product_tag-quiito-terrenos","8":"product_tag-quito-lotes","9":"product_tag-compra-casa","10":"product_tag-ecuador","12":"first","13":"instock","14":"featured","15":"purchasable","16":"product-type-simple"},"acf":[],"_links":{"self":[{"href":"https:\/\/inmocredex.com\/index.php?rest_route=\/wp\/v2\/products\/1573","targetHints":{"allow":["GET"]}}],"collection":[{"href":"https:\/\/inmocredex.com\/index.php?rest_route=\/wp\/v2\/products"}],"about":[{"href":"https:\/\/inmocredex.com\/index.php?rest_route=\/wp\/v2\/types\/product"}],"author":[{"embeddable":true,"href":"https:\/\/inmocredex.com\/index.php?rest_route=\/wp\/v2\/users\/1"}],"replies":[{"embeddable":true,"href":"https:\/\/inmocredex.com\/index.php?rest_route=%2Fwp%2Fv2%2Fcomments&post=1573"}],"wp:featuredmedia":[{"embeddable":true,"href":"https:\/\/inmocredex.com\/index.php?rest_route=\/wp\/v2\/media\/1592"}],"wp:attachment":[{"href":"https:\/\/inmocredex.com\/index.php?rest_route=%2Fwp%2Fv2%2Fmedia&parent=1573"}],"wp:term":[{"taxonomy":"product_brand","embeddable":true,"href":"https:\/\/inmocredex.com\/index.php?rest_route=%2Fwp%2Fv2%2Fproduct_brand&post=1573"},{"taxonomy":"product_cat","embeddable":true,"href":"https:\/\/inmocredex.com\/index.php?rest_route=%2Fwp%2Fv2%2Fproduct_cat&post=1573"},{"taxonomy":"product_tag","embeddable":true,"href":"https:\/\/inmocredex.com\/index.php?rest_route=%2Fwp%2Fv2%2Fproduct_tag&post=1573"}],"curies":[{"name":"wp","href":"https:\/\/api.w.org\/{rel}","templated":true}]}}